27
What are the prime factors of 710580924?
2, 3, 19, 115429
What are the prime factors of 57935352?
2, 3, 2413973
List the prime factors of 165954592.
2, 5186081
What are the prime factors of 96866527?
17, 5698031
List the prime factors of 32695982.
2, 11, 1486181
What are the prime factors of 13545846?
2, 3, 53, 4733
List the prime factors of 791847377.
359, 2205703
List the prime factors of 2869180493.
53, 449, 120569
What are the prime factors of 83398912?
2, 325777
What are the prime factors of 968094?
2, 3, 53783
List the prime factors of 32359660.
2, 5, 19, 31, 41, 67
List the prime factors of 48901147.
59, 828833
What are the prime factors of 2384921431?
103, 1049, 22073
What are the prime factors of 3439701?
3, 382189
What are the prime factors of 21966301?
7, 127, 24709
What are the prime factors of 378169689?
3, 126056563
List the prime factors of 113888327.
7, 31, 524831
List the prime factors of 11072927.
11072927
List the prime factors of 13174216.
2, 11, 23, 283
List the prime factors of 66806767.
31, 2155057
What are the prime factors of 29713806?
2, 3, 29, 56923
What are the prime factors of 25902495?
3, 5, 575611
List the prime factors of 50965368.
2, 3, 2123557
List the prime factors of 108919852.
2, 27229963
List the prime factors of 2585231749.
1361, 1899509
List the prime factors of 3413070581.
29, 31, 47, 80777
What are the prime factors of 579633311?
347, 1670413
List the prime factors of 123738049.
123738049
List the prime factors of 1396227631.
31, 45039601
List the prime factors of 28763744.
2, 898867
List the prime factors of 9078683.
9078683
List the prime factors of 11237117.
11237117
List the prime factors of 555266998.
2, 11, 13, 43, 163, 277
What are the prime factors of 79196703?
3, 59, 447439
What are the prime factors of 54704120?
2, 5, 23, 97, 613
What are the prime factors of 314230795?
5, 79, 379, 2099
List the prime factors of 482043308.
2, 120510827
What are the prime factors of 159043902?
2, 3, 26507317
List the prime factors of 58333424.
2, 73, 49943
What are the prime factors of 48372917?
19, 47, 2851
What are the prime factors of 103739611?
149, 696239
What are the prime factors of 1426071216?
2, 3, 683, 43499
What are the prime factors of 31706592?
2, 3, 19, 17383
List the prime factors of 25365240.
2, 3, 5, 70459
List the prime factors of 201394998.
2, 3, 7, 2819
What are the prime factors of 58642990?
2, 5, 7, 89, 9413
What are the prime factors of 781284414?
2, 3, 2617, 49757
What are the prime factors of 142955383?
37, 433, 8923
List the prime factors of 208126828.
2, 7, 13, 571777
List the prime factors of 71122593.
3, 23707531
List the prime factors of 164440249.
5923, 27763
What are the prime factors of 3783025639?
113, 1321, 25343
What are the prime factors of 976836125?
5, 7814689
What are the prime factors of 215720956?
2, 11, 17, 23, 12539
What are the prime factors of 1420832742?
2, 3, 7, 33829351
List the prime factors of 96875118.
2, 3, 5381951
List the prime factors of 136991312.
2, 23, 191, 1949
What are the prime factors of 1810357082?
2, 1789, 505969
List the prime factors of 873333293.
7, 1223, 102013
What are the prime factors of 640445884?
2, 13, 12316267
What are the prime factors of 49130401?
49130401
List the prime factors of 357068314.
2, 53, 3368569
List the prime factors of 176121991.
176121991
What are the prime factors of 306545858?
2, 311, 492839
What are the prime factors of 8810287?
29, 303803
List the prime factors of 6303114545.
5, 7, 13, 263, 52673
What are the prime factors of 60664487?
13, 4666499
List the prime factors of 153412750.
2, 5, 613651
List the prime factors of 166792325.
5, 7, 53, 367
What are the prime factors of 165752893?
29, 5715617
What are the prime factors of 227105431?
7, 17, 1908449
What are the prime factors of 89324055?
3, 5, 1984979
What are the prime factors of 3622587069?
3, 17, 71031119
What are the prime factors of 96878579?
7, 13839797
What are the prime factors of 87304078?
2, 17, 2567767
List the prime factors of 406986330.
2, 3, 5, 1433, 9467
List the prime factors of 5089938578.
2, 73, 3187, 10939
List the prime factors of 305857117.
19, 53, 303731
List the prime factors of 155526233.
155526233
List the prime factors of 8424874.
2, 4212437
List the prime factors of 84459395.
5, 16891879
What are the prime factors of 2335250058?
2, 3, 6367, 61129
List the prime factors of 27992665.
5, 5598533
What are the prime factors of 73958869?
23, 3215603
What are the prime factors of 116283958?
2, 7, 743, 1597
What are the prime factors of 137112856?
2, 41, 418027
List the prime factors of 4867830202.
2, 191, 977, 13043
What are the prime factors of 6215681?
23, 53, 5099
What are the prime factors of 2394629244?
2, 3, 7, 401, 2633
List the prime factors of 39110858.
2, 1009, 19381
What are the prime factors of 663704494?
2, 151, 2197697
List the prime factors of 178959113.
23, 338297
List the prime factors of 481726745.
5, 353, 272933
What are the prime factors of 79782470?
2, 5, 7978247
List the prime factors of 33470689.
7, 4781527
What are the prime factors of 247018829?
19, 61, 213131
What are the prime factors of 289634518?
2, 19, 7621961
List the prime factors of 8242724348.
2, 2060681087
What are the prime factors of 808251185?
5, 7, 1993, 11587
List the prime factors of 1011709242.
2, 3, 31, 397, 4567
List the prime factors of 6003497.
6003497
What are the prime factors of 365808991?
167, 2190473
List the prime factors of 764902421.
23, 1409, 23603
List the prime factors of 70468746.
2, 3, 263, 44657
List the prime factors of 111086317.
111086317
List the prime factors of 2440891266.
2, 3, 11, 1823, 20287
List the prime factors of 995879709.
3, 11, 41, 107, 2293
List the prime factors of 90470348.
2, 97, 431, 541
List the prime factors of 1368495361.
167, 8194583
List the prime factors of 95380630.
2, 5, 1117, 8539
List the prime factors of 19583775.
3, 5, 19, 509
List the prime factors of 129360258.
2, 3, 7186681
What are the prime factors of 24808240?
2, 5, 53, 5851
List the prime factors of 29261881.
11, 19, 140009
List the prime factors of 9279279470.
2, 5, 19, 48838313
What are the prime factors of 3134508586?
2, 11, 17, 23, 364393
What are the prime factors of 434591355?
3, 5, 11, 71, 37097
What are the prime factors of 358648067?
37, 2917, 3323
List the prime factors of 1344864.
2, 3, 14009
List the prime factors of 1033994452.
2, 37, 6986449
List the prime factors of 758475129.
3, 79, 3200317
What are the prime factors of 4970271?
3, 131, 12647
What are the prime factors of 415842015?
3, 5, 17, 941, 1733
What are the prime factors of 23391593?
23391593
List the prime factors of 120671065.
5, 31, 778523
What are the prime factors of 411664048?
2, 29, 157, 5651
What are the prime factors of 71103493?
3907, 18199
What are the prime factors of 1789738202?
2, 7, 89, 1436387
What are the prime factors of 43706514?
2, 3, 7284419
What are the prime factors of 929923239?
3, 7, 17, 1601, 1627
List the prime factors of 71970254.
2, 37, 47, 20693
List the prime factors of 1409947055.
5, 11, 2330491
List the prime factors of 496831939.
17359, 28621
List the prime factors of 5488918805.
5, 89, 739, 16691
List the prime factors of 1596725373.
3, 532241791
List the prime factors of 2811564029.
37, 75988217
List the prime factors of 3510532830.
2, 3, 5, 7, 2861, 5843
What are the prime factors of 2083812006?
2, 3, 23, 97, 155671
List the prime factors of 2390870719.
19, 6581, 19121
What are the prime factors of 86652519?
3, 17, 1699069
What are the prime factors of 4198479?
3, 1399493
What are the prime factors of 11418992?
2, 13, 41, 103
What are the prime factors of 48705375?
3, 5, 23, 5647
List the prime factors of 376224351.
3, 191, 656587
What are the prime factors of 1669608234?
2, 3, 7, 4416953
List the prime factors of 240823646.
2, 7, 97, 177337
What are the prime factors of 5080146?
2, 3, 41, 107, 193
What are the prime factors of 52456227?
3, 599, 29191
List the prime factors of 757655865.
3, 5, 16836797
What are the prime factors of 7222164?
2, 3, 563, 1069
List the prime factors of 1150745775.
3, 5, 23, 773, 863
What are the prime factors of 1621123823?
11, 4493, 32801
List the prime factors of 1181211808.
2, 7, 61, 137, 631